Suppose z = 2*g + 3*q, -q = -0 - 2. What are the prime factors of (-5 - g)*-20 - 1?
3, 13
Let u = 207 + -196. What are the prime factors of 5 - u/(22/(-268))?
139
Let r be (21/(-15))/(4/80*4). List the prime factors of 27/((r/(-5))/7).
3, 5
Suppose -174 = 4*f + l, -3*l = -f - 2*l - 46. Let u = f + 47. List the prime factors of (-9)/u + (0 - -4) - -2.
3
Suppose -1 = -2*j + 13. Suppose 5*g = 6*g - j. Suppose g*t = 8*t - 111. List the prime factors of t.
3, 37
Let a(u) = -4*u - 12. Let p be a(-10). Let j be -3 - (p + 0 + (-1)/1). List the prime factors of (-529)/(-5) + (-6)/j.
2, 53
Let m = 34 - 32. Suppose q + 4*q = 2*r + 192, -4*q - m*r + 168 = 0. Suppose 5*o = -4*b + q, 0*b + b + 40 = 5*o. What are the prime factors of o?
2
Let i(m) be the second derivative of 23*m**4 + m**2/2 - m - 3. What are the prime factors of i(-1)?
277
Suppose -4794 - 1600 = -3*l - 2*m, -5*l = m - 10666. What are the prime factors of l?
2, 11, 97
Suppose 9 = -3*p + 5*n - 1, 2 = p - 3*n. Let q be (-14 + 7 - p)/(3/(-214)). List the prime factors of (q/(-1))/(26/13).
107
List the prime factors of 26/(-247) - 667136/(-76).
2, 3, 7, 11, 19
Suppose -2*a + 2*n = -12 - 0, 3*n + 2 = -a. Suppose 5*z - 994 = -a*w, 16 - 10 = 3*z. List the prime factors of w.
2, 3, 41
Let j = 53 - 51. Let l(f) = -2*f**j - 8 + 5 - f**3 + 55. List the prime factors of l(0).
2, 13
Let h = 582 - 330. List the prime factors of (-2146)/(-7) - 144/h.
2, 3, 17
Suppose 4*v + 67*v + 1597208 = 5718048. What are the prime factors of v?
2, 5, 1451
Let n(s) = -s**2 - 4*s + 10. Let p be n(-6). Let z be p*172/4 - -1. Let u = 158 + z. List the prime factors of u.
73
Let v = 4 - 2. Let x be 9 + -7 - (0/(-2))/(-2). What are the prime factors of (4/v)/x + 122 + -2?
11
Let y = -21042 + 29922. List the prime factors of y.
2, 3, 5, 37
Suppose -2*f + 432111 = 5*a, 4*a + 40*f - 38*f = 345690. What are the prime factors of a?
3, 28807
Let z(f) = 15*f**2 - 133*f - 1835. List the prime factors of z(-16).
4133
Let k be (-16)/3 - (-1)/3. Let r(b) = 5*b**2 + 3*b**3 - b**3 - b**3 - 6 + 5*b**2. What are the prime factors of r(k)?
7, 17
Let s(z) = z**2 - 5*z + 7. Let f be s(4). Suppose -4*t = f*m + 6, 0 = 2*t - t - 3*m - 6. Suppose t = 3*k - 5*k + 122. List the prime factors of k.
61
Suppose -y + 64500 = s, y + 2*s = 85363 - 20855. List the prime factors of y.
2, 23, 701
Let j be 1/3 + 480/18. Suppose -9 + j = -3*i. Let r = 43 + i. List the prime factors of r.
37
Let t(w) = 113*w + 632. Let n(u) = -38*u - 211. Let o(r) = -17*n(r) - 6*t(r). List the prime factors of o(-9).
83
Suppose -227830 + 874957 = 101*m - 180467. What are the prime factors of m?
2, 17, 241
Suppose -5*b + 25 = 0, 5*h = -4*b - 61 + 361. Let z = 162 + -166. What are the prime factors of (5 + z)*(3 + -2 + h)?
3, 19
Let n = -2132 + 9707. What are the prime factors of n?
3, 5, 101
Let m(t) = -16*t + 129. Let h be m(8). List the prime factors of h + 0 + (710 - -5).
2, 179
Let h be (0/(-4))/(-9 - -7). Suppose 4*p - o - 2304 = h, -8*p = -11*p - 5*o + 1751. List the prime factors of p.
577
Let b(l) = 43*l**2 - 38*l + 218. Let o(u) = -84*u**2 + 76*u - 437. Let h(g) = 7*b(g) + 3*o(g). List the prime factors of h(6).
17, 103
Let l(p) = p**3 - 17*p**2 + 21*p - 24. Let s be l(16). Let z = s - 56. Suppose z = -u + 24 + 77. List the prime factors of u.
101
Let t = 59773 + -42399. What are the prime factors of t?
2, 7, 17, 73
Let h be -3 + 1 + 2 - (-14 - -10). What are the prime factors of h*7/(-28) - -593?
2, 37
Suppose -3*q = q + 3*h + 10, 5*h + 8 = 2*q. What are the prime factors of 48*(q - 38/(-4))?
2, 3, 17
Suppose -9*z - 10 = -10*z. Let d(p) = 335*p**2 + 6*p - 336*p**2 - 23*p + z - 7*p. What are the prime factors of d(-22)?
2, 3
Let v(r) = 137*r + 1002. What are the prime factors of v(21)?
3, 431
Let i = -124 - -61. Let x = 68 + i. Suppose 825 - 57 = x*a - v, -456 = -3*a + 3*v. What are the prime factors of a?
2, 7, 11
Let l(w) = 4*w**3 + 20 - 21*w + 20 - 3*w**3 - 32 + 2*w**2. List the prime factors of l(9).
2, 5, 71
List the prime factors of 21/210 + (3 - (-177627)/30).
2, 1481
Let o = -130 + 1025. Let w = 40 - 30. List the prime factors of o/w - (-4)/8.
2, 3, 5
Let z = 239 + -243. What are the prime factors of z*(-7)/112 + (-1195)/(-4)?
13, 23
Suppose -5*w = 4*w + 1332. Let c = w + 151. Suppose 0 = -6*k + 2*k - 4*q + 968, 2*k - 474 = c*q. What are the prime factors of k?
2, 3, 5
Let x = -569 - -898. Suppose -12*z - x = -2705. What are the prime factors of z?
2, 3, 11
Suppose 28*f + 144972 = 64*f. What are the prime factors of f?
4027
Let n be 1 + 0 + 187 + 3. Let t = -64 + n. What are the prime factors of t?
127
Let l(t) be the third derivative of 27*t**4/8 - 17*t**3/3 + 29*t**2. List the prime factors of l(8).
2, 307
What are the prime factors of (-827964)/(-72) - 1/(-2)?
2, 5, 23
Let p be 15/10*(-2 - 0). Let n = p - 5. What are the prime factors of (-4)/10 + n/(-20) - -134?
2, 67
Let q(k) = -k**2 + 5*k + 8. Let y be q(6). Let g(v) = -3*v**y + 21*v + 2*v**2 + 3 + 45. What are the prime factors of g(21)?
2, 3
Suppose -3*a = -3*u + 4*u - 68, 5*a + 148 = 3*u. Suppose 0 = -y - 0*y + u. List the prime factors of 8/(-12) + y/6*2.
2, 3
Let c(r) = 27*r**2 - 11*r - 32. Let g be c(-7). Let a = g + -885. What are the prime factors of a?
3, 7, 23
Suppose 540 = 5*m - 4*a, 5 - 113 = -m + 2*a. Let u be -6*(-2)/(4/1 + 2). Suppose 0*d = u*d - m. List the prime factors of d.
2, 3
Suppose -6*a + 64 = 40. List the prime factors of -32*(a + -8 + 1).
2, 3
Let r(d) = 17*d**2 - d + 497. List the prime factors of r(19).
3, 5, 7
Let p = 295 + -411. What are the prime factors of (-5836)/2*58/p?
1459
Suppose -27*b + 0*b = -131544. Let n = b - 3419. What are the prime factors of n?
1453
Let z be (-2)/8*(-52)/13. Let o be -6 + 1 + z - -8. Let h(m) = 5*m**2 + m + 4. List the prime factors of h(o).
2, 11
Let t be (-152)/(-6)*12/(-8). Let y = -33 - t. Suppose y*w - 128 - 152 = 0. What are the prime factors of w?
2, 7
Let f = 762 - 762. Suppose 4*d - r - 1462 = -f*d, 4*d = 5*r + 1470. List the prime factors of d.
5, 73
Let l = 176 + -96. Suppose 10*y - 5*y = -l. What are the prime factors of 112 + 0*4/y?
2, 7
Let t = -9862 + 17560. What are the prime factors of t?
2, 3, 1283
Let h = -14253 - -17932. What are the prime factors of h?
13, 283
Suppose 6*r = 33 + 63. Suppose z - 187 = 4*p + 74, 3*p + 4*z + 172 = 0. List the prime factors of r/p + 1002/8.
5
Suppose -2*m + 9 + 7 = -3*d, 0 = 5*m + 5*d + 10. Suppose m*s - 2955 = 5*o - 469, s + 4*o = 1217. List the prime factors of s.
3, 137
Suppose 3*k + 2*p + 3*p + 5 = 0, 4*k - 3*p = 32. Suppose -3*t = -n + 8, n + 2*n - 94 = -k*t. Suppose 2*m - n = 41. What are the prime factors of m?
2
Let v be (-180)/(-6)*(-8)/(-12). Suppose v*i = 5*i + 90. What are the prime factors of i?
2, 3
Let l be ((-5226)/104)/((-1)/12). Suppose j = 5*j - g - l, 5*g = 25. List the prime factors of j.
2, 19
Let f(o) = 2*o. Let j(r) = 4*r**2 - 11*r - 27. Let s(p) = -5*f(p) + j(p). What are the prime factors of s(10)?
163
Let z = -2019 - -27004. List the prime factors of z.
5, 19, 263
Let m(k) be the first derivative of 9*k**4/4 + k**3/3 - 2*k**2 - 5*k - 11. Let s be m(-2). List the prime factors of (1 + (1 - 3))*1 - s.
2
Let t be -2 - (3*2 - (1720 - 15)). Suppose -3434 = -2*i - 2*c, i - c + 6*c - t = 0. What are the prime factors of i?
2, 3, 7, 41
Let t be (6/9)/(((-120)/54)/10). What are the prime factors of (-91)/(-28) + t - (-4670)/8?
2, 73
Let o(x) = -x**2 - x + 9. Let z be o(-3). Suppose -5*s - 3*i = 1, -5*s - i + z = -0. List the prime factors of s/(-2) + (-106)/(-4).
2, 13
What are the prime factors of ((-23)/((-2415)/86814))/(1/(20/6))?
2, 13, 53
Let j(c) = -2*c**2 - 8*c + 567. Let q(w) = w**3 + 17*w**2 - 21*w - 54. Let i be q(-18). What are the prime factors of j(i)?
3, 7
Suppose 25*w - 6514 = 3236. What are the prime factors of (-90 + 142)*(w/8)/3?
5, 13
Let x = -334 - -330. Let n(d) = -368*d - 45. List the prime factors of n(x).
1427
Let n(c) = 20*c + 9. Let t be n(-3). Let r = 57 + t. Suppose 7 = m - r. What are the prime factors of m?
13
Let j be (8/(-14))/((-10)/35). Suppose 3*y = -j + 5. What are the prime factors of (y - 0)/(1/128)?
2
Let y be (-36)/20*1*-90. Suppose -y - 101 = -j. List the prime factors of j.
263
Suppose 28*m + 45*m - 172566 - 341427 = 0. List the pr